the remainder when 49 is divided by r.
23
Let v = 69 - 58. Calculate the remainder when 39 is divided by v.
6
Suppose 2*c - 27 = -3*s - c, 3*c = 2*s - 33. Let o be 2 + (-1 - -1)/1. Suppose -28 - 24 = -o*f - 2*g, 15 = 5*g. What is the remainder when f is divided by s?
11
Suppose -7*f = -2*f - 95. What is the remainder when 109 is divided by f?
14
Let p = -6 + 10. Suppose p*z + z - 65 = 0. What is the remainder when 0 - (-24)/(-3 - -4) is divided by z?
11
Suppose -r + 17*r = 432. Calculate the remainder when 242 is divided by r.
26
Suppose 3*c = 0, -h + 4*c + 8 = h. Suppose 3*q = 2*r - q - 16, -h = r - 5*q. What is the remainder when 23/2*(0 + 4) is divided by r?
14
Let u = -17 - -31. Let l = u - 3. Calculate the remainder when 32 is divided by l.
10
Let l = -29 - -40. What is the remainder when 31 is divided by l?
9
Let b(t) = -t**3 - 7*t**2 - 2*t - 7. Calculate the remainder when 34 is divided by b(-7).
6
What is the remainder when -2 + (30 - (-4)/(-4)) is divided by 10?
7
Suppose 0 = 2*k - 3*g - 141, 0 = 2*k - 7*k - 2*g + 343. Calculate the remainder when k is divided by 36.
33
Suppose 5*n = -24 + 4, 4*z - 16 = -3*n. Let o = -28 + 54. What is the remainder when o is divided by z?
5
Suppose 4*f = -2 + 22. Suppose f*b - 34 - 46 = 0. What is the remainder when 59 is divided by b?
11
Let l(w) = w**3 - 4*w**2 + 4*w - 3. Let t be l(2). Let v(g) = -g**3 + g**2. Let a be v(1). Let h = a - t. Calculate the remainder when 3 is divided by h.
0
Suppose 12*c = 3*c + 225. What is the remainder when c is divided by (-2)/1 + (-1 - -12)?
7
Let u(p) = p**2 + p. Let q(o) = -6*o**2 - 14*o + 10*o**3 + 10 - 9*o**3 + 4*o. Let t(y) = -q(y) + u(y). Calculate the remainder when t(7) is divided by 23.
21
Suppose 0 = 2*x + 5*d - 167, -3*x + 113 = 3*d - 115. Calculate the remainder when x is divided by 19.
14
What is the remainder when 55 is divided by -2 - ((-1368)/45 - 4/(-10))?
27
Suppose 3 = 3*z - 3. Suppose -5*b = -b - 8. Suppose z*t = -b*t + 48. Calculate the remainder when 35 is divided by t.
11
Suppose -5*l = -5*z - 185, -3*z + 108 = 5*l - 77. Suppose -2*a - 5*t = -l, -2 = 2*a + 4*t - 36. Let d = 13 + -9. What is the remainder when a is divided by d?
3
Let p = 126 + -126. Let i(q) = 5*q + 12. Let s(h) = -6*h - 12. Let f(o) = 7*i(o) + 6*s(o). What is the remainder when f(p) is divided by 7?
5
Suppose -104 = -5*u + 3*r, 0*u + 2*r - 13 = -u. What is the remainder when 73 is divided by u?
16
Let g = -210 + 320. What is the remainder when g is divided by 37?
36
Let z(n) = -8*n - 6. Let v be z(-8). Suppose 170 = 2*u + v. What is the remainder when u is divided by (-17 + 19)/((-2)/(-19))?
18
Suppose -5*g + 6 = -5*k + 1, -3*g = -2*k - 5. Suppose -k*i = -16 + 2. Suppose d - 2 = -3*z, 0*d + 2*z = -5*d + 23. What is the remainder when i is divided by d?
2
Let u(f) = f**2 - 8*f + 2. Let g be u(8). Suppose 7 = -g*l + 21. Calculate the remainder when 3/(-4)*168/(-7) is divided by l.
4
Let c = 95 - 24. What is the remainder when c is divided by 24?
23
Let d be 134/10 - 2/5. Let j = 15 - 22. Let a = j + d. Calculate the remainder when 11 is divided by a.
5
Suppose 2*x - 17 = x. What is the remainder when 49 is divided by x?
15
Let u(h) = h**3 + h + 18. What is the remainder when 69 is divided by u(0)?
15
Suppose 3*p - 83 = 3*m - 8*m, 5*m = -5*p + 125. What is the remainder when p is divided by 8?
5
Suppose 0 = -g - g + 14. What is the remainder when 26 is divided by g?
5
Suppose 2*o - 21 - 19 = 0. Calculate the remainder when 55 is divided by 3/(3/o) - 1.
17
Let d(m) = m**2 - 9*m + 7. What is the remainder when d(9) is divided by 6?
1
Let c = 21 + -4. Calculate the remainder when 67 is divided by c.
16
Suppose k + 3*k + 60 = 0. Let r be (-381)/k - (-6)/(-15). Let n = r + -10. What is the remainder when 43 is divided by n?
13
Let r = 7 + 8. Calculate the remainder when 15/(-5) + 45/1 is divided by r.
12
Calculate the remainder when 167 is divided by (8/2)/(2/(-126)*-6).
41
Suppose -3*y = 15, -5*m + 4*y + 25 = 5*y. Calculate the remainder when (m + -1)/(9/81) is divided by 24.
21
Calculate the remainder when 33 is divided by (-225)/(-27) - 2/(-3).
6
Let w(y) = -y**2 + y + 8. What is the remainder when (-15)/10*28/(-3) is divided by w(0)?
6
Suppose -3*r + 38 = 8. What is the remainder when 17 is divided by r?
7
Let j = -95 + 137. What is the remainder when 81 is divided by j?
39
Suppose 5*v - 4*j = 27, j - 16 = 5*v - 7*v. What is the remainder when 98/8 - 7/28 is divided by v?
5
Let m(r) = r**2 + 5*r + 7. What is the remainder when 5 is divided by m(-4)?
2
Suppose -3 = -2*a - 19. Calculate the remainder when (-1 - 3)*2/a is divided by 1.
0
Suppose -f = f. Suppose f = 3*t + b - 122, -t + 0*b = -5*b - 46. Calculate the remainder when t is divided by 14.
13
Let p(y) = -y**2 + 6*y - 2. Suppose -j - 18 = -23. Calculate the remainder when 3 is divided by p(j).
0
Suppose -3*c + 2*c = 2. What is the remainder when (c + 40)/(3/3) is divided by 20?
18
Suppose -13 = -5*q + 17. Let l be (-1)/3*-3 + 1. Calculate the remainder when q is divided by 1 - (-3 - (-3 + l)).
0
Let f(d) = -d**3 - d - 7. Let m be f(0). Let x = m + 4. Let r(p) = -p**2 - 8*p - 4. Calculate the remainder when 21 is divided by r(x).
10
Let n(h) = 4*h - 10. What is the remainder when 18 is divided by n(5)?
8
Let z(l) = 2*l**2 - 3*l - 4. Let r be z(3). Suppose 0 = -5*u + 15 + r. Calculate the remainder when u is divided by 2/2*(16/(-4) + 7).
1
Let s(u) = -u - 1. Let o be s(-4). Suppose a - o*a = -30. Calculate the remainder when 29 is divided by a.
14
Let j = -9 - -19. Calculate the remainder when j is divided by 7.
3
Suppose 39 = y - v, 8*y - 3*y - 2*v = 192. Let u(g) = -23*g**2 - 207*g + 10. What is the remainder when y is divided by u(-9)?
8
Let t = -14 + 5. What is the remainder when 2/t - 119/(-9) is divided by 2/(-4) - 15/(-2)?
6
Let q = 3 + 19. Calculate the remainder when 34 is divided by q.
12
Let a be (-3)/(-15) - 272/10. Let h = a + 39. What is the remainder when 35 is divided by h?
11
Suppose -11 = -2*b + 3*l, 3*b = 6*l - 5*l + 34. What is the remainder when 214/6 - (-2)/6 is divided by b?
10
Let v = -37 - -54. Calculate the remainder when (-2)/(-1)*(-2 + 27) is divided by v.
16
Suppose 3*t - 26 - 28 = 0. What is the remainder when 70 is divided by t?
16
Suppose 0 = 5*l - 2*z - 118, -46 = -2*l + 3*z - z. Calculate the remainder when l is divided by 9.
6
Let q = 8 + -6. Suppose -8 = -4*m + 48. What is the remainder when m is divided by ((-40)/15)/(q/(-3))?
2
Suppose -4*l - 55 = -0*a - 5*a, 3*l + 50 = 5*a. Let z = 2 - -1. Calculate the remainder when a is divided by z.
1
Suppose 5*v - 28 = -3*u, -v + 3*v - 3*u - 7 = 0. Suppose 2*r + 1 - 7 = 0. Suppose -9 - 15 = -r*y. What is the remainder when y is divided by v?
3
Calculate the remainder when 36 is divided by ((-190)/4)/5*-2.
17
Suppose 0 = n + 4*x - 12, 2*n = -0*n + 4*x. Suppose 2*h - 19 = -5. Calculate the remainder when h is divided by n.
3
Suppose -5*l + 34 + 6 = 0. Calculate the remainder when (4 - (4 - 1))/(1/31) is divided by l.
7
Let y be (-70)/(-6) + (-5)/(-15). Let n(j) = j**3 - 12*j**2 + 3*j - 3. Calculate the remainder when n(y) is divided by 6.
3
Suppose -m = i - 5, 2*m + 3*m = 4*i - 11. What is the remainder when (20/6)/(1/3) is divided by i?
2
What is the remainder when (3 - -1)*((-63)/4)/(-9) is divided by 3?
1
Let v = -10 - -14. Suppose -y + v = 1. Suppose -2*h + 52 = 2*h + 2*r, -y*h + r = -44. Calculate the remainder when h is divided by 5.
4
Let w(u) = 15*u**2 - 3*u + 3. What is the remainder when w(2) is divided by -4 - (-28 + 4/1)?
17
Suppose 0 = -13*t + 14*t - 24. What is the remainder when 93 is divided by t?
21
Let x be ((-8)/10)/(3/(-90)). Suppose -2*t = t + 4*b - x, 2*b - 18 = -3*t. What is the remainder when t is divided by (-4)/10 + (-17)/(-5)?
1
Let u(i) = i**3 - 4*i**2 - 6*i - 5. What is the remainder when u(6) is divided by 16?
15
Let s(u) = u**3 + 8*u**2 - 2. Let h be s(-8). Let o be 0 + 0 + h - -4. Calculate the remainder when (o/(-6))/(1/(-18)) is divided by 3.
0
Let l = -1 - -3. Suppose -s - s - 2 = 0, 0 = l*j + s - 3. What is the remainder when j/5 + (-123)/(-5) is divided by 13?
12
Suppose 50 = 3*z - 130. Suppose z = -m + 5*m. Calculate the remainder when m is divided by ((-3)/2 + 0)*168/(-63).
3
Let c = 37 - -6. Let u(t) = 2